t is -12 + 11515?
11503
In base 2, what is 11010100010000 + 10010011?
11010110100011
In base 11, what is -81432 - -8?
-81425
In base 15, what is -20 + 3e9?
3c9
In base 11, what is -1 - 53403?
-53404
In base 11, what is -6a + -34910?
-3497a
In base 3, what is 221110110 + 112?
221110222
In base 14, what is -878 - 53?
-8cb
In base 12, what is -1a - -83a?
820
In base 9, what is 4 - -447666?
447671
In base 16, what is -1 - 701d?
-701e
In base 3, what is 2201 - -210020?
212221
In base 3, what is 1022 + -100211?
-22112
In base 4, what is -10 + 20101003?
20100333
In base 11, what is 890 + -295?
5a6
In base 15, what is 16 + 342e?
3445
In base 6, what is 5 + 5031520?
5031525
In base 11, what is -3 + -1713?
-1716
In base 13, what is 287 - 42?
245
In base 7, what is -41 - 5615?
-5656
In base 14, what is -6167 + 2?
-6165
In base 12, what is 3821 + 15?
3836
In base 4, what is -11 - -1023011?
1023000
In base 11, what is 150 + 114?
264
In base 9, what is 12725 - 3?
12722
In base 8, what is 1663117 - 3?
1663114
In base 14, what is -21544 + -5?
-21549
In base 15, what is -6 + -2639d?
-263a4
In base 4, what is 10 - 221231302?
-221231232
In base 10, what is 12763 - -10?
12773
In base 16, what is 190 + -2?
18e
In base 15, what is -6e + 2bb?
24c
In base 11, what is 0 - -266841?
266841
In base 16, what is 2c + -1f5?
-1c9
In base 12, what is -318114 - -4?
-318110
In base 11, what is 296 + 93?
379
In base 4, what is -2000301 - 103?
-2001010
In base 9, what is 50 - 14?
35
In base 14, what is 72 + -185?
-113
In base 3, what is -100110 + 1120012?
1012202
In base 9, what is -162512 + 5?
-162506
In base 10, what is 170 + 3873?
4043
In base 3, what is 1111011001010 - 0?
1111011001010
In base 16, what is e80 + -4b?
e35
In base 2, what is -100010000001 + -1001?
-100010001010
In base 4, what is -1122121 - -2?
-1122113
In base 13, what is -409 - 67?
-473
In base 4, what is -1 + -21022303?
-21022310
In base 3, what is 10011 - 1100120212?
-1100110201
In base 15, what is -20 - -4493?
4473
In base 16, what is -94ef + 17?
-94d8
In base 6, what is -10301 + -4?
-10305
In base 15, what is 2aac + -7?
2aa5
In base 16, what is 66 - 31b?
-2b5
In base 15, what is -5016 + 36?
-4ed0
In base 13, what is -22 + -3966?
-3988
In base 15, what is -183 + 294?
111
In base 11, what is -2a - -2787?
2758
In base 14, what is 8 + -11d47?
-11d3d
In base 4, what is 20 + 223130?
223210
In base 14, what is 410 + 885?
c95
In base 14, what is 37 + -40?
-7
In base 14, what is 15 - -7976?
798b
In base 11, what is 58826 + 6?
58831
In base 14, what is -2a + 78d?
763
In base 9, what is -8 + -67337?
-67346
In base 16, what is 407c4 + 1?
407c5
In base 16, what is -77ad2 - 2?
-77ad4
In base 10, what is 991228 - 0?
991228
In base 2, what is 100111111000 + -101?
100111110011
In base 9, what is -4 - 344763?
-344767
In base 16, what is 16 + -39?
-23
In base 16, what is da76 - 8?
da6e
In base 7, what is -32252 + 5?
-32244
In base 11, what is 0 + -89332?
-89332
In base 3, what is 0 + -201100211001?
-201100211001
In base 15, what is -2 + 30389?
30387
In base 13, what is 154 + -44b?
-2c7
In base 4, what is -100331132 - -3?
-100331123
In base 4, what is 200 - -22023?
22223
In base 15, what is -5121 - -3?
-511d
In base 3, what is -212 + -11010001?
-11010220
In base 13, what is -228 + -2786?
-29b1
In base 15, what is 4 + -1098?
-1094
In base 16, what is 68 - 21e?
-1b6
In base 12, what is 11 + 2140?
2151
In base 13, what is -67b - 18?
-696
In base 7, what is -30 + 35555?
35525
In base 6, what is 2 + -325154?
-325152
In base 14, what is 2 + -1a7d6?
-1a7d4
In base 16, what is 202966 + -5?
202961
In base 11, what is 5868 - 92?
5786
In base 16, what is -b + 923?
918
In base 11, what is -1 - 4a078?
-4a079
In base 5, what is 23031022 - -2?
23031024
In base 8, what is -230265 - 0?
-230265
In base 10, what is -102 + 63?
-39
In base 5, what is -240 - 1033023?
-1033313
In base 5, what is -124143 + 13?
-124130
In base 16, what is 3 - -fd?
100
In base 14, what is 694153 - 3?
694150
In base 9, what is -25 + -841?
-866
In base 12, what is -3062b0 + 0?
-3062b0
In base 11, what is -36a9 + 119?
-3590
In base 2, what is 1100001 - 1010000101?
-1000100100
In base 3, what is 2022 - 222101?
-220002
In base 11, what is -45599 + -13?
-45601
In base 2, what is 10000111110101101111 - 10?
10000111110101101101
In base 4, what is -200311 - -130?
-200121
In base 3, what is -10 + 12012101?
12012021
In base 10, what is 15702 - 43?
15659
In base 15, what is -5908 - -8?
-5900
In base 12, what is 2 + 21467?
21469
In base 15, what is 62b15 - 2?
62b13
In base 14, what is -4 - 105237?
-10523b
In base 12, what is 1 - b841?
-b840
In base 8, what is 14 - 1170?
-1154
In base 8, what is 1 + -15705?
-15704
In base 9, what is -1188584 - 4?
-1188588
In base 14, what is 193 + 15?
1a8
In base 4, what is 10002 - -231?
10233
In base 15, what is 6e7 + -62?
685
In base 6, what is 2422 - -25535?
32401
In base 11, what is 125 - -92?
207
In base 14, what is 33 + -19288?
-19255
In base 3, what is -120111 + 12112?
-100222
In base 3, what is 0 + 2111210012212?
2111210012212
In base 12, what is 1816521 + -2?
181651b
In base 12, what is 16a5 + -13?
1692
In base 3, what is -1201221220121 - -2?
-1201221220112
In base 8, what is -55416 + 12?
-55404
In base 5, what is 10 + -220312?
-220302
In base 5, what is 40002 - -102?
40104
In base 13, what is -208b + -4?
-2092
In base 5, what is -21100 - -342?
-20203
In base 15, what is -1c + -2b24?
-2b41
In base 7, what is 266645 + -52?
266563
In base 7, what is 64 + -10606?
-10512
In base 12, what is 1675a9 + 0?
1675a9
In base 15, what is -974 + -c2a?
-169e
In base 2, what is -110 - -101011101011110?
101011101011000
In base 4, what is 1112101111 + 11?
1112101122
In base 8, what is 1 + -776471?
-776470
In base 2, what is 11 + 1110001010110?
1110001011001
In base 6, what is 2 - 200325?
-200323
In base 10, what is 66948 + -1?
66947
In base 2, what is -100001011101 - -1111?
-100001001110
In base 15, what is 863 + -3?
860
In base 7, what is -65421 - 6?
-65430
In base 6, what is -543150 + -2?
-543152
In base 5, what is 311034 - -2?
311041
In base 10, what is -28805 + -200?
-29005
In base 8, what is 43 - -742?
1005
In base 9, what is -50251 - 3?
-50254
In base 10, what is -215606 - -4?
-215602
In base 14, what is 8bc5 - -2?
8bc7
In base 13, what is -6408 + -4?
-640c
In base 12, what is -6a13 - -a?
-6a05
In base 9, what is 3 - -13285?
13288
In base 3, what is -12222 + -1021?
-21020
In base 13, what is 191b0 - -2a?
1920a
In base 7, what is 4 - 226610?
-226603
In base 3, what is -11020121 - -1101?
-11012020
In base 14, what is 2bd - -17?
2d6
In base 4, what is -31101030 + -3?
-31101033
In base 2, what is 111001 - -10010011100110?
10010100011111
In base 10, what is -72289 - 2?
-72291
In base 15, what is 4 - -49181?
49185
In base 7, what is -13410 - -3?
-13404
In base 4, what is 1112220132 - 2?
1112220130
In base 13, what is 321 - -198?
4b9
In base 2, what is 11001101 - -11001111001?
11101000110
In base 6, what is -143 + -105043?
-105230
In base 11, what is 18 - 11435?
-11418
In base 3, what is 121122210222 + 10?
121122211002
In base 11, what is -1957 + 3?
-1954
In base 9, what is 1518657 + 0?
1518657
In base 11, what is 69133 + -4?
6912a
In base 2, what is -11100011010110111010 + -100?
-11100011010110111110
In base 10, what is -27774 + -21?
-27795
In base 14, what is 9 - 1c3b0?
-1c3a5
In base 10, what is 652 - -93?
745
In base 13, what is 2c9837 - -5?
2c983c
In base 10, what is 124 + -807?
-683
In base 15, what is 4a - -533?
57d
In base 5, what is 21200 - 1412?
14233
In base 10, what is -6450 + 47?
-6403
In base 7, what is -2 - 3036?
-3041
In base 9, what is -7 - 65688?
-65706
In base 14, what is 15bc - -2b2?
1890
In base 13, what is -12565 - 5?
-1256a
In base 10, what is -230 - 69?
-299
In base 14, what is -55106 - -7?
-550dd
In base 3, what is -12 + 1220200?
1220111
In base 4, what is 102 + 2123003?
2123111
In base 7, what is -22504 - 4?
-22511
In base 16, what is -b - c29?
-c34
In base 10, what is -1 + -794?
-795
In base 2, what is -111011 + -100110110001?
-100111101100
In base 2, what is 11001111000 - -1010?
11010000010
In base 9, what is -167481 - -3?
-167477
In base 2, what is 101110 + -110111101000?
-110110111010
In base 9, what is -1634451 + -5?
-1634